 List the prime factors of o(r).
2
What are the prime factors of 9 - (4/(-1) + 4)?
3
Let t(q) = -q**2 + 4*q - 1. Let x be t(6). Let v = x + 31. List the prime factors of v.
2, 3
Let l = 141 - -54. What are the prime factors of l?
3, 5, 13
Let r = -30 + 16. Let l = -23 - -16. Let q = l - r. List the prime factors of q.
7
What are the prime factors of (1 - -14)*144/54?
2, 5
Let c(h) = h**3 - 8*h**2 - 3*h + 12. Let k be c(8). List the prime factors of (-141)/k - (-3)/12.
2, 3
Let g be (-9)/(6/(-3) - -1). Suppose -5*c + 4*y - 24 = 0, -4*c + 0*y - 15 = y. What are the prime factors of (-1 - c)*g/3?
3
Suppose -4*i - 5*q = -331, 2*i - 2*q - 2*q = 146. List the prime factors of i.
79
Let v(d) = 18*d**2 - d. List the prime factors of v(-1).
19
Let l = 12 - 8. Suppose 51 = -d + l*d. What are the prime factors of d?
17
Suppose -17 = -5*z + 3. Let v(f) be the second derivative of -f**5/20 + f**4/4 + 2*f**3/3 + 2*f**2 + f. List the prime factors of v(z).
2
Let x = -22 + 45. What are the prime factors of x?
23
Let x = 7 - 3. Suppose -5*h + x*d - 5*d - 39 = 0, -3*d - 12 = 0. Let g(u) = u**2 + 7*u + 8. What are the prime factors of g(h)?
2
Let f(m) = m**3 + m + 51. List the prime factors of f(0).
3, 17
Let n(f) = 4*f**2 - 10*f - 25. List the prime factors of n(-6).
179
Suppose 0 = -d - 3*b + 13, 69 = 5*d - b - 28. What are the prime factors of d?
19
Let f(r) be the third derivative of -r**4/8 + r**3/2 + 2*r**2. Let d be f(-4). List the prime factors of ((-36)/d)/((-6)/20).
2
Let b(m) = m**2 + 4*m + 3. List the prime factors of b(-8).
5, 7
Let z be (-10)/4 - 3/6. Let d be (6/3)/(-1*1). List the prime factors of (z - -2)*d + 3.
5
Let t(y) = -7*y - 3. Let w(v) = 6*v + 3. Let r(s) = 4*t(s) + 5*w(s). Suppose 2*x = -x + 12. What are the prime factors of r(x)?
11
Suppose -65 = -4*s + 103. Suppose -s = -4*b + 26. What are the prime factors of b?
17
Suppose -3*d = -0*d - 252. List the prime factors of d.
2, 3, 7
Suppose 3*c + 0*i = -5*i + 884, 1464 = 5*c - i. What are the prime factors of c?
293
Let y be -2*75/(-12)*2. Let j = -6 + y. List the prime factors of j.
19
Suppose b - 5*m + 287 = 5*b, 2*m - 380 = -5*b. What are the prime factors of b/8 - 2/(-8)?
2, 5
Suppose -m + 0*l = -4*l - 61, 2*l + 272 = 4*m. List the prime factors of m.
3, 23
Let h = 16 - 29. Let n = -5 - h. Let t = 18 - n. What are the prime factors of t?
2, 5
Let k(v) = -v**3 + 7*v**2 - 5*v - 1. Let b be k(6). Let w(c) = -c**2 + 7*c + 2. List the prime factors of w(b).
2, 3
Let z(o) = 9*o**2 + 2*o - 7. List the prime factors of z(-3).
2, 17
Let q(m) be the second derivative of -2*m**2 - 1/3*m**3 + 1/20*m**5 - 1/4*m**4 + 2*m + 0. What are the prime factors of q(4)?
2
Let s(k) = k + 16. Let m be s(-11). Suppose m*x = -3 + 23. List the prime factors of x.
2
Let q(p) = 2 + 3*p + 2*p - 1. List the prime factors of q(1).
2, 3
Let m(u) = -u + 4. Suppose -5*y - 38 - 7 = 0. List the prime factors of m(y).
13
Let r(o) = -2*o**3 - o**2 + o - 2. Suppose 5*x + 2 = 32. Let h = x - 8. What are the prime factors of r(h)?
2
Let z be (-72)/(-6)*(-2 - -1). Let n = z + 17. Suppose 7 = -4*f + n*f. List the prime factors of f.
7
Let x(b) = b**3 - 6*b**2 + 7*b - 7. Let w be (-1 + 0)*(-2 + -3). Let n be x(w). Suppose -2*m = -2*d - 6, 6*m - m + n*d = 47. List the prime factors of m.
7
Suppose 0 = j - 10 + 2. What are the prime factors of j?
2
Suppose 0 = -5*y - 2*b + 795, -2*y + 305 + 13 = -5*b. What are the prime factors of y?
3, 53
Suppose -5*g = -2*g - 456. List the prime factors of g.
2, 19
Suppose 0*v + 5*b = -5*v + 35, 4*v = 5*b - 17. Suppose 7*m = 4*m + 15. Suppose 0 = -y - m*r + 18, -v*y - 3*y = -3*r - 90. What are the prime factors of y?
2, 3
Suppose -4*i + 94 = -398. What are the prime factors of i?
3, 41
Suppose -2*b = 10, -3*h + 4*b + 31 + 4 = 0. Let d(x) = 2 + x - 2*x - h - x**2 - 6*x. What are the prime factors of d(-6)?
3
Suppose -4*o + 1882 = 5*z, 312 = -2*z + o + 1070. List the prime factors of z.
2, 3, 7
Let w(q) = q**3 + 7*q**2 - 15*q + 7. What are the prime factors of w(-7)?
2, 7
Suppose -5*f - 5 = -5*z, -2*f - 10 = -7*f + 2*z. Suppose 2 = -2*x + f. List the prime factors of (-1 - (-1 - 5))*x.
5
Suppose 2*t + 4*c + 2 = 32, 0 = 5*t + 3*c - 89. List the prime factors of t.
19
What are the prime factors of (-210)/(-5) - (1 + (-3)/(-3))?
2, 5
Let a(r) = -r**2 - 6*r + 7. Let b be ((-2)/(-4))/(1/(-10)). Let y be a(b). Let c(l) = 2*l - 2. What are the prime factors of c(y)?
2, 11
Suppose 0 = -p + 3*p - 6. Let h = 5 + -3. Suppose h*x + 3*v = 8, -p*v - 6 = 6. List the prime factors of x.
2, 5
Let g(q) = -q**3 + 2*q**2 + 2*q - 2. List the prime factors of g(-2).
2, 5
Let b(k) = 59*k**3 + k**2. List the prime factors of b(1).
2, 3, 5
Let p = 4 + -1. Suppose -p*f = f. Let i = f - -5. What are the prime factors of i?
5
Let b(k) = 4*k + 1. Let f be b(-5). Let u be 261/7 - (-2)/(-7). Let v = f + u. List the prime factors of v.
2, 3
Let a(d) = -d**2 + 2*d + 3. Let t be a(4). Let w = t - -6. Let z(x) = 10*x**3 + 2*x**2 - 2*x + 1. What are the prime factors of z(w)?
11
Suppose -2*c - 61 = -11. What are the prime factors of (-5)/c + (-49)/(-5)?
2, 5
Let s(a) = -a**2 + 2*a. Suppose w - 2*w = -2. Let j be s(w). Suppose 2*n - 9 - 11 = j. What are the prime factors of n?
2, 5
Let p(g) = g**2 - 12*g + 49. List the prime factors of p(17).
2, 67
Let h(y) = -y**2 + 6*y - 7. Let l be h(5). Let w be (-6)/l + 23 + -4. Suppose 5*c = 3*c + w. What are the prime factors of c?
11
Let n = 62 - -10. List the prime factors of n.
2, 3
Let f(t) = -t**2 + 10*t - 2. Let j be f(10). What are the prime factors of (-1)/(-1 + (-1)/j)?
2
Let r be 3*((-16)/6 - 0). Let q = r + 12. What are the prime factors of q?
2
Let l(n) = 2*n**2 + 8*n - 22. What are the prime factors of l(-8)?
2, 3, 7
Let v = 17 + -4. What are the prime factors of v?
13
Suppose 0*w = -w + 42. What are the prime factors of w?
2, 3, 7
Let f(y) = -3*y**3 + 10*y**2 + 12*y - 16. Let l(x) = 4*x**3 - 10*x**2 - 13*x + 17. Let j(t) = -5*f(t) - 4*l(t). What are the prime factors of j(-9)?
3
Let b be (6/(-4))/((-9)/(-12)). List the prime factors of 16 + b/(-3)*-3.
2, 7
Let f(o) = -o**3 - 5*o**2. Let n be f(-5). Suppose n = 4*r - 8. What are the prime factors of (r/(-6))/((-2)/24)?
2
Let v(l) = -l**3 + 22*l**2 + 2*l + 32. What are the prime factors of v(22)?
2, 19
Suppose -2*r - 19 = -5*i, 7 = 3*i - 2*i - 2*r. Suppose -b + 169 = 2*w + w, 184 = i*w - 2*b. What are the prime factors of w?
2, 29
What are the prime factors of (-7)/(4/20*-1)?
5, 7
Suppose 3*v + 0*v + 12 = -4*a, 2*a - 4*v - 16 = 0. Suppose 4*b - 18 + 7 = 3*d, -4*d - 4 = a. What are the prime factors of 23/2 - 3/b?
2, 5
Suppose -2*m - 4*l = -668, 0 = -5*m + 2*l - 3*l + 1652. List the prime factors of m.
2, 3, 5, 11
What are the prime factors of (-25)/((3/15)/(-1))?
5
Let z be -1*4/(8/(-6)). Suppose 0*l + z*l = 15. List the prime factors of l.
5
Let s(d) = -d**2 - 23*d + 37. List the prime factors of s(-17).
139
Suppose 4*t = 5*t. Suppose -4*p + 12 = -t*p. Suppose 2*q + 9 = p*q. What are the prime factors of q?
3
Let g(z) = -z**3 + 6*z**2 + z + 1. Let h be g(6). Let r = -11 + h. Let v = r + 7. What are the prime factors of v?
3
Let x(z) = 4*z**2 + z - 1. What are the prime factors of x(-6)?
137
Let w(q) = -q**2 + 10*q + 9. List the prime factors of w(9).
2, 3
Suppose -4*a = -5*k + 308, 4*k + 75 = 3*a + 321. What are the prime factors of k?
2, 3, 5
Let u = 190 - 99. What are the prime factors of u?
7, 13
Let x = -36 + 230. List the prime factors of x.
2, 97
Let g(z) = -52*z - 32. What are the prime factors of g(-6)?
2, 5, 7
Let l = 547 - 317. What are the prime factors of l?
2, 5, 23
Let l = 28 - 50. Let n = 50 + l. List the prime factors of n.
2, 7
Let b = 45 - 19. List the prime factors of b.
2, 13
Suppose 4*d = d. Suppose 0 = -2*l - d*l + 22. What are the prime factors of l?
11
Suppose 5*g - 5*o = 25, -5*g - 2*o + 42 = 10. Let i be (g/5)/((-2)/10). Let b(d) = -d - 1. What are the prime factors of b(i)?
5
Let x = 128 + -6. What are the prime factors of x?
2, 61
Suppose -195 = -k - 4*k. What are the prime factors of k?
3, 13
Let a = -5 - -46. Let u = a - 14. List the prime factors of u.
3
Suppose -a - 4 = -2*s - 0, 2*s = -5*a - 8. What are the prime factors of (-1 + a)*13/(-3)?
13
Suppose -4*t = 2*x - 30, -2*x = 3*x - 5*t - 120. L